6).
-32
Let k(z) = z**2 + 16*z - 9. What is k(-16)?
-9
Let f(i) = -i**3 + 19*i**2 + 3*i - 64. What is f(19)?
-7
Let f(m) = m**2 - 18*m + 15. Calculate f(1).
-2
Let v(o) = o**2 + 2*o - 29. Determine v(4).
-5
Let v(p) = -16*p - 10. Calculate v(-1).
6
Let u(c) = c**3 + 2*c**2 - 4*c + 1. Determine u(1).
0
Let j(h) = -h**2 - 2*h + 2. Give j(2).
-6
Let y(u) = u**3 - 10*u**2 - 13. Determine y(10).
-13
Let n(k) = k**2 - 4*k - 291. Calculate n(-15).
-6
Let d(c) = 5*c + 23. What is d(-6)?
-7
Let l(u) = -64*u - 1. Determine l(-1).
63
Let c(i) = -9*i**2 - 181*i - 15. Calculate c(-20).
5
Let i(c) = -c**3 + 20*c**2 - 18*c - 23. Calculate i(19).
-4
Let z(p) = -p**3 + 16*p**2 + 20*p - 40. Determine z(17).
11
Let n(c) = c**3 - 9*c**2 + 16*c + 6. Calculate n(4).
-10
Let f(c) = -c**2 + 16*c + 7. What is f(17)?
-10
Let o(v) = -v**3 - 6*v**2 - 3*v + 2. Calculate o(-5).
-8
Let l(g) = g**3 + g**2 + 2*g - 1. Give l(-2).
-9
Let m(f) = -5*f + 4. Give m(-6).
34
Let s(r) = -11*r**3 + r**2 - 1. What is s(1)?
-11
Let c(v) = v**3 - 13*v**2 + 12*v - 8. Determine c(12).
-8
Let y(n) = -2*n - 1. Determine y(-5).
9
Let u(a) = -6*a**2 + 51*a + 11. What is u(8)?
35
Let w(r) = 23*r + 53. Calculate w(-4).
-39
Let w(x) = -x**2 + 14*x + 41. What is w(-4)?
-31
Let i(v) = -v**3 + 5*v**2 - 10*v + 14. Calculate i(6).
-82
Let a(d) = -26*d + 110. Give a(5).
-20
Let m(c) = -c**3 - 7*c**2 - 3*c + 1. Give m(-6).
-17
Let d(f) = 13*f + 45. What is d(-4)?
-7
Let r(m) = -m**2 + 16*m + 16. What is r(16)?
16
Let c(d) = -d**2 + 11*d - 26. Calculate c(6).
4
Let k(i) = i**3 + 8*i**2 + 5*i - 6. Determine k(-7).
8
Let b(x) = -10*x - 108. What is b(-11)?
2
Let v(x) = 86*x + 514. What is v(-6)?
-2
Let o(s) = -6*s - 38. Give o(-8).
10
Let a(x) = x - 9. Determine a(-7).
-16
Let n(c) = -c**2 + 59*c - 621. Calculate n(45).
9
Let z(f) = f**2 + 37*f - 115. What is z(3)?
5
Let a(m) = -4*m + 29. Calculate a(-6).
53
Let j(m) = -m**2 + 7*m - 13. Calculate j(9).
-31
Let y(r) = -r**2 - 11*r. Calculate y(-9).
18
Let y(u) = 29*u + 111. What is y(-4)?
-5
Let i(h) = -h**2 + 13*h - 13. What is i(10)?
17
Let x(v) = -v**3 + 5*v**2 - 5*v - 2. Give x(4).
-6
Let y(u) = -u**3 + 10*u**2 + 3*u - 115. What is y(9)?
-7
Let j(p) = -23*p - 455. What is j(-20)?
5
Let g(o) = -6*o + 18. Calculate g(7).
-24
Let n(t) = -2*t**2 - 7*t - 4. Calculate n(-4).
-8
Let r(v) = -v**2 - 52*v - 269. Calculate r(-46).
7
Let z(p) = -p**3 - 6*p**2 - 4*p - 4. Give z(-3).
-19
Let f(d) = -d**3 - 3*d**2 + 7*d - 8. Calculate f(-5).
7
Let b(k) = -k**2 - 6*k - 14. Determine b(-7).
-21
Let q(s) = 5*s**3 - 3*s**2 - 5*s - 4. Calculate q(-2).
-46
Let b(t) = 4*t**2 + 40*t - 9. Determine b(-12).
87
Let j(c) = -c**2 + 7*c - 7. Give j(7).
-7
Let t(i) = 6*i - 125. Calculate t(23).
13
Let g(q) = 27*q**2 - q - 1. Calculate g(1).
25
Let a(r) = -158*r + 2046. Give a(13).
-8
Let q(p) = -31*p**3 + p**2 - p + 1. Determine q(1).
-30
Let b(l) = -70*l**2 + 2*l - 1. Calculate b(-1).
-73
Let j(r) = -13*r + 39. Calculate j(6).
-39
Let s(a) = -a**3 - 5*a**2 - 10*a - 8. Calculate s(-4).
16
Let a(q) = -7*q + 36. What is a(3)?
15
Let q(b) = 2*b**2 - 23*b + 66. Determine q(8).
10
Let z(j) = -j**3 + 9*j**2 + 13*j - 32. Determine z(10).
-2
Let q(h) = -2*h**2 - 3*h - 1. Calculate q(1).
-6
Let c(m) = -11*m + 5. What is c(2)?
-17
Let r(u) = -u - 10. Give r(-4).
-6
Let h(y) = y**2 + 10*y + 15. Give h(-10).
15
Let l(j) = -j**3 + j + 4. Calculate l(-2).
10
Let c(i) = 4*i**3 + 31*i**2 - 8*i - 13. Give c(-8).
-13
Let h(d) = d**3 - 7*d**2 - 2*d - 21. Determine h(8).
27
Let t(h) = -3*h**2 - 21*h + 8. Give t(-8).
-16
Let n(z) = -3*z**3 + 2*z**2 - 8*z - 2. Give n(4).
-194
Let q(f) = 4*f**2 + 3*f - 4. Determine q(1).
3
Let h(t) = -14*t**2 - 4*t + 3. Determine h(2).
-61
Let n(o) = -3*o - 5. Give n(-9).
22
Let a(i) = -2*i**3 - 4*i**2 + 2*i. Calculate a(0).
0
Let x(q) = q**3 - 4*q**2 + q. Give x(4).
4
Let a(b) = b**3 - 7*b**2 + 4*b + 6. What is a(6)?
-6
Let k(t) = -37*t + 18. Give k(-4).
166
Let t(j) = -j**3 + 6*j**2 - 2*j - 10. Determine t(4).
14
Let t(v) = 46*v + 831. Give t(-18).
3
Let r(p) = -p**2 + 12*p + 30. Give r(0).
30
Let v(m) = 15*m - 24. Calculate v(5).
51
Let g(s) = 3*s**2 - 23*s + 23. Calculate g(7).
9
Let r(s) = s**3 - 5*s**2 - 6*s - 8. What is r(6)?
-8
Let h(a) = 11*a + 34. Determine h(-11).
-87
Let x(m) = 5*m + 7. Give x(-7).
-28
Let l(f) = f**3 - 5*f**2 - 8*f + 7. Determine l(6).
-5
Let n(k) = -5*k**3 - 4*k - 3. Calculate n(-1).
6
Let w(p) = -3*p**2 - 6*p + 1. Give w(-3).
-8
Let c(m) = -33*m**3. Calculate c(1).
-33
Let o(m) = -5*m + 12. Calculate o(-5).
37
Let l(c) = -26*c - 21. Calculate l(-1).
5
Let y(v) = -3*v**3 + 12*v**2 + 14*v + 4. Give y(5).
-1
Let s(i) = -11*i + 17. Calculate s(-8).
105
Let p(i) = 7*i - 60. Determine p(7).
-11
Let r(x) = -2*x**3 - x**2 - x - 9. Give r(-2).
5
Let q(i) = i**3 + 21*i**2 + 2*i + 5. Determine q(-21).
-37
Let s(w) = 12*w + 72. Determine s(-6).
0
Let k(p) = -p**2 + 15*p - 88. Give k(6).
-34
Let s(v) = -v**3 - 14*v**2 + 16*v + 33. Give s(-15).
18
Let t(g) = g + 13. Give t(7).
20
Let y(r) = r**3 + 6*r**2 - 2*r - 1. Give y(-5).
34
Let q(d) = -30*d - 251. What is q(-8)?
-11
Let h(y) = -3*y**2 - 3*y + 4. Give h(-3).
-14
Let v(k) = 7*k - 29. What is v(11)?
48
Let i(m) = -m**2 + 13*m - 57. Give i(10).
-27
Let r(i) = -i**3 + 15*i**2 - 42*i - 16. Determine r(11).
6
Let v(p) = 2*p + 38. Calculate v(-19).
0
Let y(z) = -z**3 - 3*z**2 + 4*z + 6. Determine y(-6).
90
Let y(o) = 2*o - 29. What is y(13)?
-3
Let f(y) = -y**2 - 4*y - 5. Calculate f(-6).
-17
Let d(j) = -j**3 + j**2 - 4*j + 7. Give d(0).
7
Let k(w) = 2*w**2 - 17*w + 20. Determine k(7).
-1
Let z(f) = f + 43. Give z(18).
61
Let n(w) = w**2 - 7*w - 30. Calculate n(10).
0
Let d(z) = -z**3 - z**2 - 1. Give d(0).
-1
Let g(s) = -4*s**2 - 9*s - 11. What is g(-5)?
-66
Let z(y) = -5*y + 8. What is z(6)?
-22
Let y(v) = -v**2 - 12*v - 20. What is y(-9)?
7
Let y(f) = 2*f**2 + 79*f + 33. What is y(-39)?
-6
Let j(r) = 2*r**2 - 7*r + 5. What is j(7)?
54
Let y(n) = -2*n**2 + 12*n - 35. Give y(7).
-49
Let h(b) = b + 12. Calculate h(-5).
7
Let w(s) = -3*s**2 - 6*s + 4. Give w(-3).
-5
Let h(b) = 4*b - 11. Calculate h(8).
21
Let j(i) = -i**2 + 16*i + 48. What is j(19)?
-9
Let q(u) = -12*u + 18. Give q(1).
6
Let d(z) = z**2 + 9*z + 9. Calculate d(-10).
19
Let r(o) = o**3 + 6*o**2 + 8*o + 11. What is r(-6)?
-37
Let s(t) = t - 22. Determine s(-12).
-34
Let o(c) = c**3 + 8*c**2 - 8*c - 7. What is o(-9)?
-16
Let g(r) = -4*r - 4. Determine g(5).
-24
Let b(f) = -f**3 - 4*f**2 + 2*f + 2. Calculate b(-4).
-6
Let x(k) = -4*k**2 - 25*k - 7. Calculate x(-6).
-1
Let y(q) = -16*q**2 + 2*q + 3. What is y(-1)?
-15
Let a(w) = 7*w**2 - 12*w + 12. Calculate a(3).
39
Let j(m) = m**3 - 10*m**2 + 14*m + 15. Calculate j(8).
-1
Let n(d) = -d**2 - 11*d + 43. What is n(-15)?
-17
Let l(f) = -2*f**2 + 7*f - 2. Give l(5).
-17
Let u(h) = -h**3 + 7*h**2 - 7*h + 13. Give u(6).
7
Let y(x) = -11*x**2 - 2*x - 2. Calculate y(-1).
-11
Let n(v) = -v**3 - 7*v**2 - 5*v + 4. Calculate n(-4).
-24
Let d(k) = k**2 + 15*k + 12. Determine d(-14).
-2
Let y(t) = -2*t - 16. Determine y(-11).
6
Let q(z) = -3*z - 11. Give q(-22).
55
Let v(g) = -2*g - 35. What is v(-15)?
-5
Let g(l) = -l**3 - 6*l**2 - 2*l + 2. Calculate g(-6).
14
Let a(h) = -h**3 - 5*h**2 + 9*h + 4. Determine a(-6).
-14
Let k(r) = -5*r - 125. What is k(-21)?
-20
Let v(j) = j**3 - 13*j**2 + 8*j + 26. Give v(13).
130
Let i(b) = b**2 + 12*b + 9. Give i(-9).
-18
Let s(a) = -a - 11. What is s(-8)?
-3
Let z(r) = r**3 + 5*r**2 - 12*r + 12. Give z(-7).
-2
Let r(m) = 9*m - 7. Give r(5).
38
Let h(i) = -5*i. Determine h(-1).
5
Let n(w) = -w**2 + 5*w - 5. Calculate n(4).
-1
Let h(q) = -q**3 - 7*q**2 + q - 7. What is h(-7)?
-14
Let i(a) = -a**3 + 5*a**2 - 2*a - 3. What is i(5)?
-13
Let q(d) = -d**3 - 13*d**2 - 2*d + 19. Determine q(-13).
45
Let t(i) = -i**3 + 7*i**2 + 10*i - 11. Determine t(8).
5
Let j(h) = -2*h**2 - 24*h - 10. Give j(-11).
12
Let s(y) = y**3 - 14*y**2 + 16*y - 5. Determine s(13).
34
Let f(i) = i**2 + 17*i + 74. Give f(-8).
2
Let u(k) = 2*k**2 + 22*k + 11. What is u(-10)?
-9
Let h(z) = -z**2 + 22*z - 89. What is h(11)?
32
Let s(f) = 63*f - 61. Calculate s(1).
2
Let u(q) = q**2 - 5*q + 24. Calculate u(5).
24
Let y(s) = -8*s - 16. Calculate y(-2).
0
Let k(s) = s**3 - 9*s**2 - s + 11. What is k(8)?
-61
Let